r of 10642 and 11329582.
34
What is the highest common factor of 1708 and 652696828?
1708
Calculate the greatest common factor of 20385 and 216191079.
4077
Calculate the greatest common divisor of 1996 and 9412138.
998
Calculate the highest common divisor of 677476 and 44.
4
What is the greatest common divisor of 15746327 and 123936?
1291
Calculate the highest common divisor of 450843075 and 37359.
5337
What is the highest common divisor of 784840376 and 8?
8
Calculate the highest common factor of 29874096 and 1424.
1424
What is the greatest common divisor of 1184846862 and 18948?
9474
What is the highest common factor of 456 and 354736992?
456
What is the highest common divisor of 19386 and 10212114?
2154
What is the greatest common factor of 636 and 487822812?
636
Calculate the highest common divisor of 16275 and 150815.
1085
Calculate the highest common divisor of 669 and 164874158.
223
Calculate the greatest common divisor of 5790 and 4307130.
30
Calculate the highest common divisor of 8538165 and 12.
3
Calculate the highest common divisor of 16786 and 553.
7
Calculate the greatest common divisor of 364151 and 175689.
241
Calculate the greatest common factor of 436923855 and 7045.
7045
What is the greatest common factor of 108 and 163015686?
54
Calculate the highest common factor of 76 and 29956.
4
What is the highest common factor of 331272 and 990?
18
Calculate the highest common divisor of 24941048 and 144.
8
Calculate the highest common factor of 2231 and 21642931.
2231
Calculate the greatest common factor of 4817400 and 2250.
150
Calculate the highest common divisor of 2502 and 539996652.
2502
What is the highest common factor of 12936197 and 82?
41
What is the greatest common factor of 25821807 and 519?
519
Calculate the greatest common divisor of 97 and 413823922.
97
Calculate the highest common divisor of 125 and 1980648625.
125
Calculate the highest common divisor of 1358405 and 38.
19
What is the highest common factor of 68286094 and 126718?
7454
Calculate the greatest common factor of 208746 and 654.
6
What is the greatest common factor of 20 and 52604610?
10
Calculate the greatest common factor of 53949870 and 975.
195
What is the highest common divisor of 84 and 3659313?
21
Calculate the highest common divisor of 819875 and 41125.
875
What is the greatest common divisor of 930830306 and 1988?
994
What is the highest common divisor of 13702 and 2846038?
442
Calculate the greatest common divisor of 15026521 and 68.
17
What is the greatest common divisor of 2188 and 80180354?
1094
What is the greatest common divisor of 2083825 and 7175?
1025
What is the greatest common factor of 20871521 and 11?
11
Calculate the highest common factor of 51 and 7404027.
51
Calculate the highest common factor of 559132 and 22932.
28
What is the greatest common factor of 1880 and 299755190?
470
Calculate the greatest common divisor of 1086422 and 14982.
454
What is the greatest common divisor of 4641 and 16849805?
119
What is the greatest common factor of 5854136 and 8?
8
What is the highest common factor of 613888 and 71504?
1744
What is the highest common factor of 4246132610 and 43?
43
What is the greatest common divisor of 125 and 22865125?
125
What is the greatest common divisor of 30000 and 104415?
15
What is the highest common divisor of 66538 and 3571734?
646
What is the greatest common factor of 12950 and 26669230?
2590
What is the highest common divisor of 352 and 25357640?
88
Calculate the highest common divisor of 666306 and 687.
3
What is the greatest common factor of 3355022 and 4444?
22
What is the highest common divisor of 174867 and 919755?
2271
What is the highest common factor of 107610 and 194542?
422
Calculate the greatest common factor of 5313027 and 35853.
969
What is the greatest common factor of 1593 and 2595469?
59
What is the greatest common divisor of 423 and 2186428203?
423
What is the greatest common factor of 16241 and 4690222?
149
What is the greatest common divisor of 332288 and 6227804?
2596
What is the highest common factor of 245 and 395815?
35
Calculate the highest common divisor of 113590 and 1430.
10
What is the greatest common divisor of 12555711 and 2343?
213
Calculate the highest common factor of 617933125 and 1250.
625
Calculate the greatest common divisor of 2 and 9565694.
2
What is the greatest common divisor of 5989408 and 33440?
608
Calculate the greatest common divisor of 35152 and 339408.
16
Calculate the highest common divisor of 50601009 and 31407.
1083
Calculate the highest common factor of 12586216 and 18685.
3737
Calculate the highest common factor of 278670 and 19215.
105
What is the greatest common factor of 640 and 5406890?
10
Calculate the highest common factor of 2 and 1239911.
1
Calculate the greatest common factor of 89044408 and 115.
23
Calculate the greatest common factor of 906066 and 210.
42
What is the greatest common divisor of 75150 and 1347523?
167
What is the greatest common factor of 41 and 28673?
1
What is the highest common factor of 185954 and 697754?
1706
Calculate the greatest common factor of 156957476 and 52.
52
What is the highest common divisor of 630786 and 4758?
78
What is the highest common divisor of 156970 and 112090?
110
Calculate the greatest common factor of 515 and 190288071.
103
Calculate the greatest common divisor of 463 and 35811661.
463
What is the highest common factor of 2115 and 3009222?
423
Calculate the highest common divisor of 31 and 4097456.
31
What is the greatest common divisor of 793 and 14203423?
793
Calculate the highest common factor of 1027170 and 315120.
3030
What is the highest common divisor of 106651037 and 47?
47
What is the highest common divisor of 434577 and 38181?
429
Calculate the highest common factor of 385 and 167949320.
385
What is the greatest common divisor of 63641 and 204539?
23
Calculate the highest common divisor of 99104051 and 226.
113
What is the greatest common divisor of 5356 and 1994460?
52
What is the highest common factor of 16 and 2153463472?
16
Calculate the highest common factor of 9882354 and 6.
6
Calculate the highest common factor of 4867031 and 1178.
31
Calculate the highest common divisor of 17038177 and 52.
13
Calculate the greatest common factor of 5755 and 149631151.
1151
Calculate the highest common factor of 73118942 and 39.
13
Calculate the highest common factor of 1581 and 25005003.
93
What is the greatest common divisor of 1471 and 1609201921?
1471
Calculate the highest common factor of 2998 and 36556113.
1499
Calculate the highest common factor of 76234 and 163822.
1622
Calculate the highest common factor of 397368 and 882.
18
What is the highest common divisor of 19074240 and 122436?
6444
What is the highest common factor of 2448 and 2237931?
153
What is the greatest common divisor of 36979054 and 1833538?
16226
Calculate the greatest common factor of 2439624 and 4081.
11
What is the highest common divisor of 1384 and 1717717?
173
Calculate the greatest common divisor of 3347192 and 4148.
244
What is the greatest common divisor of 12206377 and 265?
53
What is the highest common divisor of 2743 and 817?
1
Calculate the greatest common divisor of 800 and 9383600.
400
What is the highest common divisor of 1323 and 364308?
21
What is the greatest common factor of 638525 and 300?
25
What is the highest common factor of 1728 and 11823168?
192
Calculate the highest common divisor of 13979525 and 4550.
175
What is the highest common factor of 303474 and 26862?
222
What is the greatest common divisor of 521360 and 318440?
760
What is the greatest common divisor of 43173 and 28387908?
3321
Calculate the highest common factor of 2330389544 and 607.
607
What is the highest common divisor of 4719 and 396?
33
Calculate the greatest common factor of 3352103 and 38328.
1597
Calculate the highest common factor of 4421974 and 4.
2
Calculate the highest common divisor of 722116062 and 6948.
3474
Calculate the highest common factor of 312031035 and 405.
405
What is the highest common divisor of 16590 and 353957130?
2370
What is the highest common factor of 18183 and 72776022?
957
Calculate the highest common factor of 538 and 13413685.
269
What is the greatest common divisor of 16706904 and 3984?
1992
What is th